 + 180*t - 307006. Is t a prime number?
False
Suppose -4*d - 2*a + 160546 = 0, -256*d = -260*d - 4*a + 160560. Is d composite?
True
Let y(n) be the second derivative of -115*n**3/2 - 29*n**2 + 2*n - 26. Is y(-17) a prime number?
True
Let s = -29334 + 66551. Is s composite?
False
Let l = 112 - 107. Suppose 5804 = 4*n + l*b, b + 3*b - 4353 = -3*n. Suppose j - 3*y = 1430, -y = -j - 15 + n. Is j a prime number?
True
Let w(i) be the first derivative of i**6/120 + i**5/4 - i**4/2 - 17*i**3/6 + 5*i**2/2 - 1. Let k(v) be the second derivative of w(v). Is k(-15) composite?
False
Suppose n - 80305 = -4*y, 82*y = 5*n + 78*y - 401669. Is n a prime number?
True
Let h(l) = 3151*l - 136. Suppose 5*j - 42 = -2*c + 25, -2*c = -4*j + 68. Is h(j) a composite number?
False
Suppose 337*m - 320*m = 9540995. Is m a composite number?
True
Suppose 2*f + 14 = 5*x - 0*f, x + 4*f = -6. Let m(v) = 1241*v + 37. Is m(x) a composite number?
True
Suppose -151*a = -15081546 - 78377639. Is a a prime number?
False
Let x = -37891 + 57968. Is x a prime number?
False
Let o(w) = -w**2 - 6*w + 1483. Let h(a) = -2*a**2 + 13*a - 6. Let x be h(6). Is o(x) composite?
False
Suppose -82*j = -229703 + 60537. Is j prime?
True
Let o = 220190 + -145873. Is o a prime number?
True
Suppose -25*j = -18*j + 1449. Let q = 350 + j. Is q a prime number?
False
Suppose 0 = 4*n + 5*y - 1375752, 0 = 189*n - 184*n - 5*y - 1719645. Is n a composite number?
False
Let t(w) = -3*w. Let d be t(-4). Suppose -d*g + g = 1815. Let k = g - -412. Is k a prime number?
False
Let i = -597291 - -915605. Is i a composite number?
True
Suppose 2*p = p + c + 31045, 0 = -5*p + 3*c + 155221. Is p prime?
False
Let a(t) = 169*t**3 - 3*t**2 + 7*t - 9. Let s be a(2). Let x = 5898 - s. Is x composite?
True
Let x(v) = -1057*v + 7. Let t be x(-5). Let l be (-175130)/83*(2 + 1)/(-6). Suppose 0*u - 3*u = 5*j - t, j + 4*u = l. Is j a prime number?
False
Suppose -31*g + 20748 + 4889 = 0. Suppose 2*x - 1206 = -5*m - 167, -3*x = 4*m - g. Is m a composite number?
True
Let m(s) = 344*s + 38. Let o be m(8). Suppose o = 2*c - 6588. Suppose 6*v - c = 2523. Is v a composite number?
True
Let o(n) = -279*n - 17. Let w be o(-3). Suppose -3530 = -30*c + w. Is c composite?
True
Let w(x) = 58 - 410*x + 4*x - 99 + 56. Is w(-7) a composite number?
False
Let m be (-2 + (-6)/(-4))*-8. Suppose 96*o + 6 = 98*o. Suppose f = 2*x + 3*x + 384, 0 = -m*f + o*x + 1553. Is f composite?
False
Let u(g) = 3*g. Let z be (13 + -16)*(-4)/3 - 3. Let b be u(z). Suppose -68 = b*w - 323. Is w a composite number?
True
Suppose -2*p + 34498 = -4*u, 17256 = 21*p - 20*p + 5*u. Is p a prime number?
False
Let x(g) = -101602*g - 787. Is x(-2) composite?
True
Suppose -173*p + 171*p - 8 = 0. Is p/(-14) + ((-390580)/(-70) - -5) a prime number?
False
Let d = -70 - -73. Let k(n) = 440*n**2 + 11*n + 4. Is k(d) prime?
False
Let y be 45/(-12)*(-13)/((-195)/(-40)). Let z(b) = 2*b**3 - 13*b**2 + 13*b - 61. Is z(y) prime?
True
Suppose 0 = -10*s + 8*s. Suppose -4*g = -s*g - 20. Suppose 1584 = t - c, g*t - 7343 = -2*c + 542. Is t prime?
True
Suppose 4*h - 1041244 - 900943 = -5*m, 5*m = h + 1942197. Is m a prime number?
False
Let i(n) = 36*n**3 + 5*n**2 - 3*n - 14. Let f be i(-4). Is f/(-3) + (-18)/(-6) a prime number?
False
Let o(i) = -1664*i + 10547. Is o(-21) a composite number?
False
Let r(x) = 9871*x - 408. Is r(5) a composite number?
False
Let b(m) be the first derivative of -135*m**2/2 + 179*m + 18. Is b(-36) prime?
True
Let j(k) = -147*k - 55. Let g = 506 - 526. Is j(g) a composite number?
True
Let m(f) = -144*f. Let q be m(2). Suppose 3*d = 5*i + 1229, -3*d + 4*d + 2*i - 417 = 0. Let x = d - q. Is x composite?
False
Suppose 32 = 4*o, -81*o + 80*o = 5*m - 1710523. Is m prime?
False
Let d be 3/(-4 + ((-38)/(-8) - 0)). Let v(u) = 281*u**2 + 13*u - 37. Is v(d) a prime number?
False
Suppose -138 = m + 11014. Is 5 + 0 + m/(-2) a prime number?
True
Let t = -1646631 - -2313338. Is t a composite number?
False
Let h = 90662 + 241364. Is h prime?
False
Let a = -24556 - -16376. Let z = -4593 - a. Is z composite?
True
Let s = -809 + 813. Suppose 5*v - g - 24437 = 8607, 26435 = s*v - g. Is v a composite number?
True
Let i(o) = -2*o**2 - 6*o - 1. Let j(u) = -u**3 - u**2 + 2*u - 3. Let v be j(2). Let a be i(v). Let z = 388 + a. Is z composite?
False
Is (2691376/24)/(8/12) composite?
False
Let r be ((-4)/(-10))/((-5)/(-75)). Suppose r*l - 266 - 1330 = 0. Let t = l - 184. Is t composite?
True
Let f(g) = 2*g**3 + 9*g**2 - 38*g - 13. Let x be f(-7). Suppose -10*v = -x*v - 16526. Is v prime?
True
Let l = -40 + 50. Suppose -4*n = -s + 13, -2*s - 2*n - l = -n. Is 1511/2*(-6)/s a composite number?
False
Let w(q) = 29*q - 25. Let f be w(1). Suppose 5*n + 11397 = 6*a - 4*a, 0 = 3*a - f*n - 17078. Is a a composite number?
True
Let h = 43393 - -30426. Is h composite?
False
Suppose -6*s - 648766 = -i - s, -1297427 = -2*i - 5*s. Is i a composite number?
False
Let h(f) = 57*f + 5. Let m be h(15). Suppose 5*y + m = 2*s - 472, -1 = -s. Let x = y + 1143. Is x prime?
True
Is 2666*(-32)/(-8) + 3/(-3) prime?
True
Let b = 107 + -73. Let c = b + 65. Is 347611/c - 2/9 a prime number?
True
Let p(c) = -68*c - 198. Let w be p(-10). Let h = 904 - w. Is h a prime number?
False
Let y be 49 + (5 - 0/(-7)). Suppose -52*n - 3778 = -y*n. Is n a prime number?
True
Let d = 272 + -248. Suppose 4*j - 7731 = d*b - 29*b, 3*b - 5*j - 4609 = 0. Is b a composite number?
False
Suppose 36 + 28 = -8*k. Let u be 9 + -5 + 2*k. Let q = 309 - u. Is q a composite number?
True
Suppose -4*f + 28359 = 4*s - 85241, 4*f = 8. Let q = s + -15251. Is q composite?
False
Let g(t) = 142297*t - 1689. Is g(4) composite?
False
Let i(q) = 481*q - 133. Let n be ((-3)/2)/(7/14) + 11. Is i(n) prime?
False
Suppose -2*s = -3*w + 37, -10*w + 5*w = -s - 64. Suppose -12803 = -w*u + 4695. Is u a prime number?
False
Let c be -92*(-12)/(-28) + 6/14. Let m = c + 44. Suppose m*g - 1594 = 1191. Is g prime?
True
Let u(o) = 178*o**3 - 14*o**2 - 47*o + 19. Is u(7) composite?
True
Suppose 5*n - n = 2*z + 669174, 0 = 4*n - 5*z - 669189. Is n composite?
True
Let k = 40 + -36. Suppose -k*l + 467 = -761. Is l a prime number?
True
Suppose 5*j - 27 = -17. Suppose 1939 - 165 = j*h. Suppose -4*o = -5*o - 4*x + h, 5*x = 2*o - 1748. Is o a prime number?
False
Is 1/((-3)/(-257071)) - (4 - 56/12) a composite number?
False
Let r(g) = -g**3 + 82*g**2 - 18*g + 725. Is r(74) composite?
False
Suppose -15*o = -17*o - 2*n + 942792, 2*o - 4*n - 942750 = 0. Is o composite?
False
Let b = 270 - 268. Suppose -u - 5*t + 1698 = -0*t, -b*u + 5*t + 3336 = 0. Is u a composite number?
True
Let q = -585788 + 1082571. Is q composite?
True
Suppose -3*v = 4*f - 2455505, -2*v = 8*f - 11*f + 1841633. Is f a prime number?
False
Suppose 4*k = -h - 27 + 77, -2 = -h. Let y be -4*(719 - 2) - 4. Is y/k*9/(-6) a composite number?
False
Let n(v) = -257*v + 11. Suppose r + 26 = 32. Suppose 0*p + r = -p. Is n(p) prime?
True
Let u be ((-38)/(-14) + -1)/((-2)/(-42)). Let a = u + -34. Suppose -5*j + a*x + 1190 = -j, -j - 3*x + 280 = 0. Is j prime?
False
Is 386482/3 - ((-56)/12)/(-14) composite?
True
Suppose 2*n + 1092 = 2*a, -a + 5*n + 1642 = 2*a. Let p = 3722 - 3698. Suppose 4*q = p + a. Is q composite?
True
Suppose 2*k - 4944 = 2*n, -2*n - 2*k - 772 - 4192 = 0. Let p = -1428 - n. Is p prime?
True
Is -2 - 0 - ((-1)/(-3))/((-18)/260874) composite?
True
Suppose -14 + 4 = -r + 4*f, -2 = -2*r + 2*f. Let m(p) = -717*p + 27. Is m(r) prime?
False
Is ((-34582)/(-5))/(276/690) composite?
False
Suppose 0 = 3*o - 5*n - 22*n - 2839656, -o + 946497 = 2*n. Is o prime?
True
Suppose 22*q + 11 + 121 = 0. Let f(l) = -3176*l - 25. Is f(q) composite?
False
Let b(m) = -2222*m - 14. Let u(y) = -2222*y - 14. Let v(d) = -4*b(d) + 3*u(d). Let j be v(6). Is (-8 - -7)*2/((-4)/j) a prime number?
True
Let f be (5 - -4 - 8)/((-1)/(-55052)). Suppose -f = -4*k + 13800. Is k composite?
True
Suppose 0 = -2*o - 10, -3*o = -3*v - 6*o + 56022. Suppose -6*b + v + 103259 = 0. Is b a composite number?
False
Let d = 22839 + 270702. Is d a prime number?
False
Let h = 1575 - -2874. Let v = -2292 + h. Is v a composite number?
True
Let w be (28/8)/(3/(-6)). Let x(l) = -285*l + 24. Let r be x(w). Is (r/(-9) - 0)/((-2)/6) a composite number?
False
Let p(t) = 65*t**2 + 218*t